 by 617090?
579
Calculate the remainder when 6434636 is divided by 366.
356
Calculate the remainder when 4427245 is divided by 811.
807
What is the remainder when 622337 is divided by 1434?
1415
Calculate the remainder when 75744635 is divided by 125405.
15
What is the remainder when 1678949996 is divided by 6552?
6548
What is the remainder when 2611460 is divided by 1305712?
36
What is the remainder when 40638723 is divided by 179?
174
Calculate the remainder when 2855571 is divided by 8.
3
What is the remainder when 30916 is divided by 6135?
241
What is the remainder when 3760738 is divided by 9128?
2
What is the remainder when 25103709 is divided by 136433?
37
Calculate the remainder when 10329 is divided by 6313.
4016
Calculate the remainder when 141164 is divided by 1342.
254
What is the remainder when 4135898 is divided by 2067871?
156
Calculate the remainder when 958757 is divided by 402.
389
Calculate the remainder when 249965 is divided by 656.
29
What is the remainder when 6846595 is divided by 2604?
679
What is the remainder when 10177235 is divided by 30?
5
Calculate the remainder when 11439381 is divided by 688.
5
Calculate the remainder when 795089 is divided by 99386.
1
What is the remainder when 1889483 is divided by 17?
1
What is the remainder when 559297 is divided by 1445?
82
What is the remainder when 75323217 is divided by 1476?
1461
What is the remainder when 67229144 is divided by 22409711?
11
What is the remainder when 11892064 is divided by 71638?
156
Calculate the remainder when 545 is divided by 293.
252
Calculate the remainder when 7924143 is divided by 3525.
3468
What is the remainder when 478657328 is divided by 19?
18
Calculate the remainder when 1010259 is divided by 177.
120
What is the remainder when 171640 is divided by 19065?
55
What is the remainder when 3262316 is divided by 3577?
92
Calculate the remainder when 11514385 is divided by 461.
449
What is the remainder when 975416 is divided by 975280?
136
Calculate the remainder when 420995 is divided by 1452.
1367
What is the remainder when 7626008 is divided by 283?
7
Calculate the remainder when 486812573 is divided by 5351.
5348
Calculate the remainder when 43136 is divided by 13675.
2111
What is the remainder when 306338 is divided by 19048?
1570
Calculate the remainder when 3107 is divided by 190.
67
Calculate the remainder when 290877 is divided by 478.
253
What is the remainder when 31876772 is divided by 10625580?
32
What is the remainder when 192300 is divided by 74?
48
Calculate the remainder when 243878 is divided by 2540.
38
What is the remainder when 252494 is divided by 6823?
43
What is the remainder when 22360 is divided by 211?
205
What is the remainder when 230715 is divided by 45503?
3200
What is the remainder when 799323 is divided by 88808?
51
Calculate the remainder when 357036 is divided by 71355.
261
What is the remainder when 5152700 is divided by 1141?
1085
Calculate the remainder when 11736603 is divided by 104.
99
What is the remainder when 618485 is divided by 66?
65
Calculate the remainder when 816190 is divided by 693.
529
Calculate the remainder when 942643 is divided by 93.
88
Calculate the remainder when 174646094 is divided by 835.
834
Calculate the remainder when 8445523 is divided by 28.
23
What is the remainder when 2085106 is divided by 139006?
16
What is the remainder when 7467455 is divided by 186?
113
Calculate the remainder when 4157495 is divided by 2500.
2495
What is the remainder when 197328753 is divided by 3559?
3557
What is the remainder when 535020 is divided by 11629?
86
Calculate the remainder when 161053 is divided by 160830.
223
What is the remainder when 697288 is divided by 2967?
43
What is the remainder when 278781 is divided by 88?
85
Calculate the remainder when 5702493 is divided by 3591.
3576
What is the remainder when 21960533 is divided by 797?
792
What is the remainder when 28801 is divided by 1993?
899
What is the remainder when 1163501 is divided by 15?
11
Calculate the remainder when 111448 is divided by 10453.
6918
Calculate the remainder when 3456251 is divided by 225.
26
What is the remainder when 35595 is divided by 735?
315
Calculate the remainder when 56162301 is divided by 4608.
4605
Calculate the remainder when 52044 is divided by 180.
24
What is the remainder when 89288945 is divided by 17?
15
Calculate the remainder when 12963488 is divided by 115.
113
Calculate the remainder when 1291440 is divided by 645309.
822
What is the remainder when 410403 is divided by 1941?
852
What is the remainder when 1636641 is divided by 1603?
1581
Calculate the remainder when 509837 is divided by 4324.
3929
Calculate the remainder when 96707660 is divided by 2197901.
16
Calculate the remainder when 495725 is divided by 3278.
747
What is the remainder when 5427650 is divided by 545?
540
What is the remainder when 78547 is divided by 15698?
57
What is the remainder when 16287880 is divided by 3167?
3166
Calculate the remainder when 27191270 is divided by 348606.
2
Calculate the remainder when 1710719 is divided by 20126.
9
Calculate the remainder when 46093 is divided by 1006.
823
Calculate the remainder when 190005 is divided by 92624.
4757
What is the remainder when 16476472 is divided by 43132?
48
Calculate the remainder when 212490 is divided by 119.
75
What is the remainder when 1637075 is divided by 545591?
302
What is the remainder when 1938778 is divided by 1409?
1403
Calculate the remainder when 97810 is divided by 6978.
118
What is the remainder when 110872 is divided by 461?
232
What is the remainder when 438657 is divided by 7191?
6
What is the remainder when 8099380 is divided by 1619871?
25
Calculate the remainder when 1843343 is divided by 34.
33
Calculate the remainder when 3343236 is divided by 1619.
1
What is the remainder when 22535997 is divided by 1500?
1497
What is the remainder when 267894092 is divided by 5232?
5228
Calculate the remainder when 540348 is divided by 61.
10
What is the remainder when 33427 is divided by 1211?
730
What is the remainder when 36266 is divided by 2588?
34
Calculate the remainder when 130298 is divided by 64768.
762
Calculate the remainder when 1365196 is divided by 27.
22
Calculate the remainder when 38756798 is divided by 10.
8
Calculate the remainder when 2487850 is divided by 69.
55
Calculate the remainder when 401916 is divided by 200798.
320
Calculate the remainder when 110621264 is divided by 111.
107
What is the remainder when 244523 is divided by 553?
97
What is the remainder when 278221 is divided by 856?
21
What is the remainder when 51643 is divided by 6446?
75
What is the remainder when 200501462 is divided by 1108?
1106
Calculate the remainder when 1870265 is divided by 461.
449
Calculate the remainder when 3408355 is divided by 284015.
175
What is the remainder when 2776763 is divided by 2717?
2706
What is the remainder when 268173323 is divided by 245?
243
Calculate the remainder when 6518438 is divided by 6075.
6038
What is the remainder when 8176872 is divided by 28893?
153
Calculate the remainder when 604966 is divided by 151238.
14
Calculate the remainder when 156718 is divided by 30067.
6383
What is the remainder when 24237 is divided by 3957?
495
What is the remainder when 171438 is divided by 56552?
1782
Calculate the remainder when 3551528 is divided by 1945.
1903
Calculate the remainder when 54469 is divided by 10942.
10701
What is the remainder when 2355743 is divided by 214152?
71
Calculate the remainder when 79811630 is divided by 33.
8
What is the remainder when 16247658 is divided by 2185?
2183
What is the remainder when 105470 is divided by 11?
2
What is the remainder when 2096038 is divided by 3476?
10
What is the remainder when 1396233 is divided by 39?
33
What is the remainder when 74885011 is divided by 85000?
11
What is the remainder when 113594 is divided by 2839?
34
Calculate the remainder when 91145 is divided by 1491.
194
What is the remainder when 8894131 is divided by 118?
117
What is the remainder when 16498 is divided by 10359?
6139
Calculate the remainder when 60812759 is divided by 191235.
29
What is the remainder when 132941898 is divided by 816?
810
What is the remainder when 89091712 is divided by 92